ainder when 13095866 is divided by 1625.
1616
What is the remainder when 9773 is divided by 1686?
1343
What is the remainder when 99078 is divided by 93289?
5789
Calculate the remainder when 10562 is divided by 21.
20
Calculate the remainder when 40636 is divided by 3312.
892
What is the remainder when 30615110 is divided by 11894?
11848
Calculate the remainder when 29877481 is divided by 9109.
9070
What is the remainder when 232083 is divided by 23?
13
Calculate the remainder when 1213164 is divided by 2136.
2052
Calculate the remainder when 81351057 is divided by 436.
433
Calculate the remainder when 756792 is divided by 189123.
300
What is the remainder when 1441812 is divided by 96?
84
Calculate the remainder when 46902 is divided by 808.
38
Calculate the remainder when 49847 is divided by 3814.
265
What is the remainder when 70117580 is divided by 2696830?
0
What is the remainder when 78119740 is divided by 242?
204
What is the remainder when 278699 is divided by 21302?
1773
What is the remainder when 104059820 is divided by 176?
172
Calculate the remainder when 4704 is divided by 4678.
26
What is the remainder when 84311 is divided by 4671?
233
What is the remainder when 315132 is divided by 103778?
3798
What is the remainder when 209671 is divided by 105?
91
What is the remainder when 61240 is divided by 269?
177
Calculate the remainder when 685199 is divided by 42.
11
Calculate the remainder when 159424 is divided by 687.
40
Calculate the remainder when 1385552 is divided by 3371.
71
What is the remainder when 1937046 is divided by 4211?
4197
What is the remainder when 1401605 is divided by 11?
7
What is the remainder when 765689 is divided by 65?
54
Calculate the remainder when 644312 is divided by 207.
128
Calculate the remainder when 8066620 is divided by 1158.
1150
What is the remainder when 5258723 is divided by 1752904?
11
What is the remainder when 440975 is divided by 195?
80
What is the remainder when 219913889 is divided by 22?
19
What is the remainder when 70442 is divided by 35159?
124
Calculate the remainder when 160907075 is divided by 9.
8
Calculate the remainder when 415409 is divided by 259.
232
Calculate the remainder when 1289549 is divided by 612.
65
What is the remainder when 879274951 is divided by 136?
135
Calculate the remainder when 44675 is divided by 4066.
4015
Calculate the remainder when 113926939 is divided by 507.
490
Calculate the remainder when 375547 is divided by 7093.
6711
What is the remainder when 4078808 is divided by 509842?
72
What is the remainder when 145002 is divided by 4122?
732
What is the remainder when 5105735 is divided by 1431?
1358
Calculate the remainder when 834965 is divided by 707.
705
Calculate the remainder when 1389039 is divided by 1940.
1939
What is the remainder when 8407867 is divided by 63?
13
Calculate the remainder when 1062773 is divided by 46.
35
Calculate the remainder when 44617961 is divided by 2414.
2413
What is the remainder when 1292371778 is divided by 37?
36
Calculate the remainder when 113644 is divided by 112284.
1360
Calculate the remainder when 17397353 is divided by 11.
6
What is the remainder when 582836 is divided by 1422?
1238
Calculate the remainder when 183123 is divided by 183118.
5
Calculate the remainder when 4380954 is divided by 634.
14
What is the remainder when 636686 is divided by 5485?
426
What is the remainder when 40753148 is divided by 432?
428
What is the remainder when 2542244 is divided by 153?
149
Calculate the remainder when 151371290 is divided by 2441.
2439
What is the remainder when 503734 is divided by 635?
179
What is the remainder when 20564287 is divided by 239?
10
What is the remainder when 38375 is divided by 2391?
119
What is the remainder when 16776930 is divided by 184?
178
What is the remainder when 149272 is divided by 1055?
517
What is the remainder when 492160 is divided by 49191?
250
Calculate the remainder when 83333359 is divided by 3370.
3369
What is the remainder when 677984 is divided by 279?
14
Calculate the remainder when 7652999 is divided by 1913185.
259
What is the remainder when 43018 is divided by 1236?
994
What is the remainder when 282547 is divided by 31388?
55
What is the remainder when 116852502 is divided by 147?
144
What is the remainder when 372359 is divided by 733?
728
Calculate the remainder when 2409998 is divided by 613.
295
Calculate the remainder when 1247 is divided by 125.
122
Calculate the remainder when 1175192 is divided by 587573.
46
Calculate the remainder when 23355553 is divided by 7785178.
19
What is the remainder when 33138 is divided by 512?
370
What is the remainder when 29011 is divided by 2108?
1607
Calculate the remainder when 38870 is divided by 4835.
190
Calculate the remainder when 2163221 is divided by 240357.
8
Calculate the remainder when 341132 is divided by 2853.
1625
What is the remainder when 480494876 is divided by 421?
419
Calculate the remainder when 9845 is divided by 2989.
878
What is the remainder when 20105 is divided by 867?
164
Calculate the remainder when 2347781 is divided by 338.
33
Calculate the remainder when 2459781 is divided by 68327.
9
Calculate the remainder when 851136 is divided by 212719.
260
What is the remainder when 11711 is divided by 4738?
2235
Calculate the remainder when 2042914 is divided by 64.
34
What is the remainder when 14251 is divided by 1027?
900
What is the remainder when 1905114 is divided by 215?
214
Calculate the remainder when 237659 is divided by 59376.
155
What is the remainder when 6479688 is divided by 268?
252
What is the remainder when 197052 is divided by 47?
28
Calculate the remainder when 3796957 is divided by 287.
234
What is the remainder when 5052115 is divided by 28705?
35
Calculate the remainder when 8451563 is divided by 946.
945
Calculate the remainder when 78776 is divided by 8743.
89
What is the remainder when 1650317 is divided by 196?
193
What is the remainder when 887098 is divided by 3386?
3352
Calculate the remainder when 223178 is divided by 457.
162
Calculate the remainder when 3376624 is divided by 264.
64
Calculate the remainder when 88171 is divided by 1575.
1546
What is the remainder when 8809 is divided by 788?
141
What is the remainder when 55809 is divided by 1198?
701
Calculate the remainder when 30922072 is divided by 621.
619
Calculate the remainder when 114294342 is divided by 13.
6
What is the remainder when 49258 is divided by 7552?
3946
Calculate the remainder when 483032 is divided by 12709.
90
Calculate the remainder when 4973631 is divided by 1332.
1275
Calculate the remainder when 2294458 is divided by 412.
30
What is the remainder when 1503320 is divided by 574?
14
Calculate the remainder when 2900859 is divided by 638.
511
What is the remainder when 7920893 is divided by 3960438?
17
Calculate the remainder when 12671999 is divided by 52.
15
Calculate the remainder when 140890 is divided by 1706.
998
Calculate the remainder when 419881 is divided by 3852.
13
Calculate the remainder when 1299459 is divided by 20.
19
What is the remainder when 260764 is divided by 925?
839
Calculate the remainder when 791524 is divided by 791269.
255
Calculate the remainder when 6902139 is divided by 490.
489
Calculate the remainder when 3082042 is divided by 985.
962
Calculate the remainder when 3717272 is divided by 1158.
92
What is the remainder when 138213 is divided by 4404?
1689
What is the remainder when 6355 is divided by 1419?
679
What is the remainder when 39546048 is divided by 19773006?
36
What is the remainder when 13198367 is divided by 9961?
42
Calculate the remainder when 1027426 is divided by 631.
158
Calculate the remainder when 138758 is divided by 19811.
81
What is the remainder when 9031217 is divided by 686?
27
Calculate the remainder when 309435 is divided by 309320.
115
Calculate the remainder when 56116765 is divided by 69.
31
What is the remainder when 8785330 is divided by 10?
0
What is the remainder when 3055554 is divided by 1074?
24
Calculate the remainder when 86256 is divided by 28350.
1206
What is the remainder when 6593034 is divided by 18?
12
What is the remainder when 11226614 is divided by 1053?
581
Calculate the remainder when 6516683 is divided by 2032.
59